 227 and 118277669?
227
What is the greatest common divisor of 15533 and 1445837?
317
What is the highest common factor of 89890304 and 368?
16
Calculate the greatest common divisor of 16898 and 13855366.
994
Calculate the greatest common factor of 5890 and 2550122.
62
Calculate the highest common divisor of 46745283 and 1251.
417
Calculate the highest common divisor of 142337920 and 40.
40
What is the greatest common factor of 17388 and 525462?
42
What is the highest common divisor of 248 and 20916630?
62
Calculate the highest common divisor of 7357782 and 114.
6
What is the greatest common divisor of 1827465729 and 129?
129
What is the greatest common divisor of 2767345 and 31045?
35
What is the greatest common factor of 2940 and 510560?
20
Calculate the greatest common factor of 6300 and 1909320.
420
What is the highest common divisor of 7844 and 1612260?
212
Calculate the highest common divisor of 16 and 7312988.
4
What is the greatest common divisor of 33368 and 226696?
344
What is the greatest common divisor of 1414074 and 30?
6
Calculate the highest common divisor of 245 and 3259045.
5
Calculate the highest common divisor of 1218730 and 17554.
134
Calculate the highest common divisor of 6355 and 504505.
205
What is the highest common factor of 3096 and 89704536?
1032
Calculate the highest common divisor of 11492464 and 1312.
656
Calculate the highest common divisor of 41 and 35869588.
41
What is the greatest common factor of 1554 and 9422?
14
Calculate the highest common divisor of 670170220 and 3735.
415
What is the greatest common factor of 8434827 and 216?
27
Calculate the greatest common divisor of 93497186 and 4989.
1663
What is the greatest common divisor of 146155305 and 15?
15
Calculate the highest common factor of 199104 and 226338.
102
Calculate the greatest common divisor of 1444 and 8234372.
76
What is the greatest common factor of 785080 and 107540?
380
Calculate the highest common factor of 28886 and 15262.
26
Calculate the greatest common factor of 7275 and 30675.
75
Calculate the greatest common divisor of 96401759 and 2841.
947
What is the highest common divisor of 94183 and 21453896?
4957
Calculate the greatest common divisor of 177400820 and 1580.
1580
Calculate the greatest common divisor of 164405025 and 1613.
1613
What is the greatest common divisor of 3458520 and 819000?
4680
Calculate the highest common divisor of 657 and 855044109.
657
Calculate the greatest common factor of 195446 and 107124.
158
What is the highest common divisor of 18107292 and 84?
84
What is the highest common divisor of 1731598 and 124?
62
What is the greatest common factor of 117 and 6929364?
39
What is the greatest common divisor of 44194 and 39938?
38
Calculate the greatest common factor of 23989823 and 453.
151
What is the highest common factor of 22 and 20898185?
11
What is the highest common divisor of 9770 and 85527557?
977
What is the greatest common divisor of 3013875 and 23265?
2115
Calculate the highest common factor of 5282088 and 95634.
966
What is the greatest common divisor of 155813 and 45143?
7
Calculate the highest common divisor of 4063161 and 4.
1
Calculate the greatest common factor of 79492 and 75089.
119
Calculate the greatest common factor of 3569 and 5856.
1
What is the highest common divisor of 10380381 and 4433?
341
Calculate the greatest common factor of 6060 and 243132.
12
What is the highest common factor of 33325 and 44738425?
775
Calculate the greatest common divisor of 11616 and 7919824.
176
What is the highest common factor of 208065 and 321750?
2145
Calculate the highest common factor of 1593 and 34857.
27
What is the highest common factor of 576734 and 6?
2
Calculate the highest common factor of 21620 and 16871420.
460
What is the greatest common factor of 6691737 and 143?
13
Calculate the greatest common divisor of 32330765 and 23840.
745
What is the highest common divisor of 3087392 and 220?
44
Calculate the greatest common divisor of 2486 and 11306554.
226
Calculate the highest common factor of 660 and 8147810.
110
What is the greatest common factor of 2923328 and 5608?
8
What is the highest common divisor of 58 and 62716966?
58
What is the highest common divisor of 120 and 3779392?
8
What is the greatest common divisor of 2268255 and 2378585?
3245
What is the greatest common factor of 195090 and 103530?
210
Calculate the greatest common factor of 3461283 and 14.
7
Calculate the greatest common factor of 7843061 and 108527.
2647
Calculate the greatest common divisor of 21131 and 186337.
1921
Calculate the highest common factor of 53802682 and 68032.
2126
Calculate the greatest common factor of 97692 and 412944.
84
What is the greatest common divisor of 39050 and 573320?
110
Calculate the greatest common factor of 29979093 and 171.
57
Calculate the greatest common divisor of 672 and 69169296.
336
Calculate the highest common factor of 641 and 554158602.
641
What is the greatest common divisor of 5650 and 1270600?
50
Calculate the greatest common divisor of 144 and 63037536.
48
Calculate the highest common divisor of 11236636 and 318.
106
What is the greatest common divisor of 10982770 and 169056?
1174
What is the greatest common factor of 137638708 and 2644?
2644
What is the highest common divisor of 6020202 and 12?
6
What is the greatest common divisor of 43018122 and 9?
3
Calculate the greatest common factor of 250 and 3667875.
125
Calculate the greatest common divisor of 5539358 and 66.
22
What is the highest common factor of 6224 and 6256304?
16
Calculate the highest common divisor of 134568 and 16776.
72
What is the greatest common factor of 520695 and 7560?
945
What is the greatest common divisor of 14275 and 13731408?
571
What is the highest common divisor of 1045627 and 7942?
209
Calculate the greatest common factor of 572 and 45640540.
44
What is the greatest common divisor of 6964111 and 1214?
607
What is the greatest common divisor of 4218 and 29742?
6
What is the greatest common divisor of 656 and 35448436?
164
Calculate the highest common factor of 36 and 2579188.
4
What is the greatest common factor of 318050003 and 23?
23
Calculate the greatest common factor of 10048 and 81483.
157
Calculate the highest common divisor of 2342 and 38666.
2
Calculate the greatest common factor of 93041 and 36543221.
5473
What is the greatest common divisor of 751804 and 16?
4
What is the highest common divisor of 228 and 8497503?
57
Calculate the highest common divisor of 74956 and 3434591.
2677
What is the highest common divisor of 4569713 and 9136?
571
Calculate the greatest common divisor of 5360904 and 11232.
216
What is the highest common factor of 198000 and 7335?
45
Calculate the highest common divisor of 160 and 18966880.
160
Calculate the highest common divisor of 13 and 20759713.
13
What is the highest common divisor of 2092660 and 191900?
380
What is the highest common factor of 124903993 and 1051?
1051
Calculate the greatest common factor of 160289976 and 3528.
1176
Calculate the greatest common factor of 3553 and 18437486.
323
What is the greatest common divisor of 2715040 and 16640?
160
What is the greatest common factor of 817541 and 5833?
307
Calculate the greatest common factor of 2703 and 54621.
51
Calculate the highest common divisor of 61650 and 10284.
6
Calculate the highest common factor of 103384917 and 27.
27
Calculate the highest common factor of 677820 and 7535968.
3476
What is the greatest common factor of 170043533 and 33?
11
What is the highest common factor of 20925 and 1200847?
31
What is the highest common divisor of 32 and 11409672?
8
What is the greatest common factor of 890251 and 69915?
4661
What is the greatest common factor of 32223252 and 21180?
4236
What is the highest common divisor of 3994446 and 444?
222
Calculate the greatest common divisor of 3768 and 12446646.
942
What is the greatest common divisor of 402298350 and 300?
150
Calculate the greatest common factor of 780885 and 210.
105
What is the highest common divisor of 6797440 and 1235?
1235
Calculate the highest common divisor of 3152925 and 2475.
225
Calculate the highest common divisor of 92204 and 300181.
259
What is the greatest common divisor of 5819982 and 308?
14
What is the greatest common factor